ate the remainder when 15238 is divided by 123.
109
Calculate the remainder when 56273 is divided by 257.
247
Calculate the remainder when 4645 is divided by 218.
67
Calculate the remainder when 197670 is divided by 1156.
1150
Calculate the remainder when 2823 is divided by 123.
117
What is the remainder when 3603 is divided by 22?
17
What is the remainder when 283464 is divided by 35433?
0
Calculate the remainder when 9597 is divided by 2395.
17
What is the remainder when 854 is divided by 851?
3
Calculate the remainder when 1517 is divided by 100.
17
Calculate the remainder when 27458 is divided by 584.
10
What is the remainder when 2285 is divided by 325?
10
Calculate the remainder when 43331 is divided by 32.
3
Calculate the remainder when 11177 is divided by 2788.
25
Calculate the remainder when 58856 is divided by 129.
32
Calculate the remainder when 169497 is divided by 396.
9
What is the remainder when 2997097 is divided by 85?
82
Calculate the remainder when 251 is divided by 90.
71
What is the remainder when 9507 is divided by 1564?
123
Calculate the remainder when 444 is divided by 130.
54
What is the remainder when 5467 is divided by 112?
91
What is the remainder when 2722 is divided by 57?
43
What is the remainder when 2829 is divided by 932?
33
What is the remainder when 28434 is divided by 28372?
62
Calculate the remainder when 1004 is divided by 978.
26
What is the remainder when 27294 is divided by 5?
4
What is the remainder when 3336 is divided by 1652?
32
What is the remainder when 406 is divided by 22?
10
What is the remainder when 2522 is divided by 2521?
1
What is the remainder when 136463 is divided by 258?
239
Calculate the remainder when 855 is divided by 98.
71
Calculate the remainder when 57839 is divided by 19220.
179
What is the remainder when 10113 is divided by 341?
224
What is the remainder when 2383 is divided by 642?
457
Calculate the remainder when 144083 is divided by 25.
8
What is the remainder when 255382 is divided by 42563?
4
What is the remainder when 379 is divided by 123?
10
What is the remainder when 342310 is divided by 39?
7
Calculate the remainder when 9797 is divided by 661.
543
What is the remainder when 8574 is divided by 8543?
31
Calculate the remainder when 4152 is divided by 1038.
0
Calculate the remainder when 11404 is divided by 242.
30
What is the remainder when 18308 is divided by 84?
80
Calculate the remainder when 187334 is divided by 207.
206
What is the remainder when 4470 is divided by 67?
48
Calculate the remainder when 22173 is divided by 33.
30
What is the remainder when 42783 is divided by 1043?
20
What is the remainder when 4159 is divided by 85?
79
Calculate the remainder when 3645 is divided by 605.
15
What is the remainder when 48107 is divided by 16030?
17
What is the remainder when 1072 is divided by 8?
0
What is the remainder when 184667 is divided by 313?
310
What is the remainder when 1915303 is divided by 249?
244
What is the remainder when 12692 is divided by 34?
10
Calculate the remainder when 47450 is divided by 2259.
11
What is the remainder when 26851 is divided by 18?
13
Calculate the remainder when 301614 is divided by 239.
235
What is the remainder when 1224219 is divided by 56?
3
What is the remainder when 29989 is divided by 127?
17
Calculate the remainder when 21797 is divided by 404.
385
What is the remainder when 10708 is divided by 10353?
355
What is the remainder when 1368 is divided by 1344?
24
What is the remainder when 7379 is divided by 461?
3
Calculate the remainder when 55155 is divided by 563.
544
What is the remainder when 2292 is divided by 115?
107
Calculate the remainder when 159111 is divided by 79552.
7
What is the remainder when 677 is divided by 94?
19
Calculate the remainder when 6082 is divided by 18.
16
Calculate the remainder when 37006 is divided by 36989.
17
Calculate the remainder when 2391 is divided by 395.
21
Calculate the remainder when 363 is divided by 92.
87
Calculate the remainder when 13793656 is divided by 103.
102
What is the remainder when 974 is divided by 106?
20
What is the remainder when 185 is divided by 36?
5
Calculate the remainder when 2769 is divided by 42.
39
Calculate the remainder when 26984 is divided by 126.
20
Calculate the remainder when 5205 is divided by 867.
3
What is the remainder when 12630 is divided by 991?
738
What is the remainder when 94322 is divided by 202?
190
Calculate the remainder when 23730 is divided by 912.
18
Calculate the remainder when 6171 is divided by 1022.
39
What is the remainder when 8908 is divided by 1475?
58
What is the remainder when 53593 is divided by 53463?
130
Calculate the remainder when 24513 is divided by 1610.
363
Calculate the remainder when 1734 is divided by 11.
7
What is the remainder when 13501 is divided by 45?
1
What is the remainder when 99219 is divided by 410?
409
Calculate the remainder when 24970 is divided by 12460.
50
Calculate the remainder when 24231 is divided by 509.
308
Calculate the remainder when 129284 is divided by 1873.
47
Calculate the remainder when 152311 is divided by 946.
5
What is the remainder when 4477 is divided by 2235?
7
Calculate the remainder when 655 is divided by 214.
13
Calculate the remainder when 22845 is divided by 167.
133
What is the remainder when 10692391 is divided by 166?
165
Calculate the remainder when 1172571 is divided by 1101.
6
What is the remainder when 3509 is divided by 486?
107
Calculate the remainder when 298558 is divided by 6093.
1
What is the remainder when 12234 is divided by 1310?
444
Calculate the remainder when 292468 is divided by 18278.
20
Calculate the remainder when 66111 is divided by 6606.
51
What is the remainder when 349508 is divided by 113?
112
What is the remainder when 8999 is divided by 773?
496
Calculate the remainder when 134603 is divided by 666.
71
Calculate the remainder when 36706 is divided by 1918.
264
What is the remainder when 614 is divided by 164?
122
What is the remainder when 3185 is divided by 212?
5
What is the remainder when 198 is divided by 80?
38
What is the remainder when 2087 is divided by 170?
47
Calculate the remainder when 428 is divided by 228.
200
What is the remainder when 335045 is divided by 1544?
1541
What is the remainder when 1261 is divided by 127?
118
Calculate the remainder when 551641 is divided by 49.
48
What is the remainder when 5377 is divided by 320?
257
What is the remainder when 3057 is divided by 828?
573
Calculate the remainder when 7740 is divided by 13.
5
What is the remainder when 2799 is divided by 1343?
113
What is the remainder when 27986 is divided by 95?
56
Calculate the remainder when 289 is divided by 140.
9
What is the remainder when 9239 is divided by 1294?
181
Calculate the remainder when 1201976 is divided by 14.
6
What is the remainder when 27227 is divided by 27020?
207
Calculate the remainder when 702108 is divided by 305.
303
What is the remainder when 9521 is divided by 434?
407
What is the remainder when 61416 is divided by 15333?
84
What is the remainder when 8260 is divided by 3750?
760
Calculate the remainder when 418517 is divided by 29.
18
What is the remainder when 5519377 is divided by 1951?
1949
What is the remainder when 873 is divided by 698?
175
What is the remainder when 2249 is divided by 371?
23
What is the remainder when 2550006 is divided by 8?
6
Calculate the remainder when 7419 is divided by 140.
139
Calculate the remainder when 440922 is divided by 18.
12
Calculate the remainder when 22951 is divided by 18.
1
Calculate the remainder when 53867 is divided by 32.
11
Calculate the remainder when 674280 is divided by 644.
12
Calculate the remainder when 497275 is divided by 896.
891
Calculate the remainder when 17490 is divided by 8738.
14
What is the remainder when 32535 is divided by 17?
14
What is the remainder when 5609 is divided by 112?
9
Calculate the remainder when 124593 is divided by 44.
29
What is the remainder when 49705 is divided by 1343?
14
What is the remainder when 147298 is divided by 150?
148
Calculate the remainder when 392704 is divided by 31.
27
Calculate the remainder when 3840 is divided by 3.
0
Calculate the remainder when 9715 is divided by 277.
20
What is the remainder when 23